{"id":609,"date":"2023-08-21T13:31:02","date_gmt":"2023-08-21T16:31:02","guid":{"rendered":"https:\/\/campingpaineiras.com.br\/?page_id=609"},"modified":"2023-08-21T16:18:39","modified_gmt":"2023-08-21T19:18:39","slug":"lei-do-silencio-2","status":"publish","type":"page","link":"https:\/\/campingpaineiras.com.br\/?page_id=609","title":{"rendered":"Pet Friendly"},"content":{"rendered":"\t\t<div data-elementor-type=\"wp-page\" data-elementor-id=\"609\" class=\"elementor elementor-609\">\n\t\t\t\t\t\t\t\t\t<section class=\"elementor-section elementor-top-section elementor-element elementor-element-2e6c21b9 elementor-section-boxed elementor-section-height-default elementor-section-height-default wpr-particle-no wpr-jarallax-no wpr-parallax-no wpr-sticky-section-no\" data-id=\"2e6c21b9\" data-element_type=\"section\">\n\t\t\t\t\t\t<div class=\"elementor-container elementor-column-gap-default\">\n\t\t\t\t\t<div class=\"elementor-column elementor-col-100 elementor-top-column elementor-element elementor-element-3ef355ec\" data-id=\"3ef355ec\" data-element_type=\"column\">\n\t\t\t<div class=\"elementor-widget-wrap elementor-element-populated\">\n\t\t\t\t\t\t\t\t<div class=\"elementor-element elementor-element-37fb30a elementor-widget elementor-widget-heading\" data-id=\"37fb30a\" data-element_type=\"widget\" data-widget_type=\"heading.default\">\n\t\t\t\t<div class=\"elementor-widget-container\">\n\t\t\t<style>\/*! elementor - v3.14.0 - 26-06-2023 *\/\n.elementor-heading-title{padding:0;margin:0;line-height:1}.elementor-widget-heading .elementor-heading-title[class*=elementor-size-]>a{color:inherit;font-size:inherit;line-height:inherit}.elementor-widget-heading .elementor-heading-title.elementor-size-small{font-size:15px}.elementor-widget-heading .elementor-heading-title.elementor-size-medium{font-size:19px}.elementor-widget-heading .elementor-heading-title.elementor-size-large{font-size:29px}.elementor-widget-heading .elementor-heading-title.elementor-size-xl{font-size:39px}.elementor-widget-heading .elementor-heading-title.elementor-size-xxl{font-size:59px}<\/style><h2 class=\"elementor-heading-title elementor-size-default\">Pet Friendly<\/h2>\t\t<\/div>\n\t\t\t\t<\/div>\n\t\t\t\t<div class=\"elementor-element elementor-element-36998cef elementor-widget elementor-widget-text-editor\" data-id=\"36998cef\" data-element_type=\"widget\" data-widget_type=\"text-editor.default\">\n\t\t\t\t<div class=\"elementor-widget-container\">\n\t\t\t<style>\/*! elementor - v3.14.0 - 26-06-2023 *\/\n.elementor-widget-text-editor.elementor-drop-cap-view-stacked .elementor-drop-cap{background-color:#69727d;color:#fff}.elementor-widget-text-editor.elementor-drop-cap-view-framed .elementor-drop-cap{color:#69727d;border:3px solid;background-color:transparent}.elementor-widget-text-editor:not(.elementor-drop-cap-view-default) .elementor-drop-cap{margin-top:8px}.elementor-widget-text-editor:not(.elementor-drop-cap-view-default) .elementor-drop-cap-letter{width:1em;height:1em}.elementor-widget-text-editor .elementor-drop-cap{float:left;text-align:center;line-height:1;font-size:50px}.elementor-widget-text-editor .elementor-drop-cap-letter{display:inline-block}<\/style>\t\t\t\t<!-- wp:paragraph -->\n<ul>\n<li>Animais n\u00e3o poder\u00e3o permanecer soltos nas depend\u00eancias do Camping, devendo permanecer presos nos trailers, chal\u00e9s ou barracas.<\/li>\n<li>As caminhadas com seu c\u00e3ozinho devem ser feitas sempre com guia (coleiras) e acompanhado de seu propriet\u00e1rio.<\/li>\n<li>Os animais que est\u00e3o acostumados a fazer suas necessidades fisiol\u00f3gicas passeando, dever\u00e3o ser recolhidos no ato pelo propriet\u00e1rio do mesmo.<\/li>\n<li>Os animais de temperamentos agressivos dever\u00e3o utilizar focinheira independente de seu porte.<\/li>\n<li>Para entrar com seu c\u00e3ozinho nas depend\u00eancias do Camping Paineiras o propriet\u00e1rio deve apresentar a carteira de vacina\u00e7\u00e3o do mesmo a qual dever\u00e1 estar em dia, na falta o Camping Paineiras reserva o direito de proibir a entrada do animal em suas depend\u00eancias.<\/li>\n<li>Se por qualquer infelicidade houver um acidente envolvendo qualquer animal o propriet\u00e1rio do mesmo responsabilizar-se-\u00e1 civil e criminalmente pelo mesmo.<\/li>\n<li>S\u00e3o restritas as \u00e1reas de piscina, restaurante, lanchonetes e <em>playgrounds<\/em> para passeios.<\/li>\n<li>\u00c9 proibido trazer c\u00e3es das ra\u00e7as consideradas agressivas (pit bull, rotweiller e outras).<\/li>\n<li>O local de perman\u00eancia de seu c\u00e3o deve estar sempre limpo.<\/li>\n<li>Os animais s\u00e3o irracionais, portanto eles precisam da colabora\u00e7\u00e3o do seu propriet\u00e1rio para que tenha um bom desempenho e comportamento.<\/li>\n<\/ul>\n<p>\u00a0<\/p>\n<p>Obs: Zoonoses s\u00e3o doen\u00e7as ou infec\u00e7\u00f5es naturalmente transmiss\u00edveis entre as esp\u00e9cies animais e o homem.<\/p>\n<p><strong>O melhor rem\u00e9dio \u00e9 a preven\u00e7\u00e3o !<\/strong><\/p>\n<!-- \/wp:paragraph -->\t\t\t\t\t\t<\/div>\n\t\t\t\t<\/div>\n\t\t\t\t\t<\/div>\n\t\t<\/div>\n\t\t\t\t\t\t\t<\/div>\n\t\t<\/section>\n\t\t\t\t\t\t\t<\/div>\n\t\t","protected":false},"excerpt":{"rendered":"<p>Pet Friendly Animais n\u00e3o poder\u00e3o permanecer soltos nas depend\u00eancias do Camping, devendo permanecer presos nos trailers, chal\u00e9s ou barracas. As caminhadas com seu c\u00e3ozinho devem ser feitas sempre com guia (coleiras) e acompanhado de seu propriet\u00e1rio. Os animais que est\u00e3o acostumados a fazer suas necessidades fisiol\u00f3gicas passeando, dever\u00e3o ser recolhidos no ato pelo propriet\u00e1rio do [&hellip;]<\/p>\n","protected":false},"author":1,"featured_media":0,"parent":0,"menu_order":0,"comment_status":"closed","ping_status":"closed","template":"elementor_header_footer","meta":{"footnotes":""},"_links":{"self":[{"href":"https:\/\/campingpaineiras.com.br\/index.php?rest_route=\/wp\/v2\/pages\/609"}],"collection":[{"href":"https:\/\/campingpaineiras.com.br\/index.php?rest_route=\/wp\/v2\/pages"}],"about":[{"href":"https:\/\/campingpaineiras.com.br\/index.php?rest_route=\/wp\/v2\/types\/page"}],"author":[{"embeddable":true,"href":"https:\/\/campingpaineiras.com.br\/index.php?rest_route=\/wp\/v2\/users\/1"}],"replies":[{"embeddable":true,"href":"https:\/\/campingpaineiras.com.br\/index.php?rest_route=%2Fwp%2Fv2%2Fcomments&post=609"}],"version-history":[{"count":3,"href":"https:\/\/campingpaineiras.com.br\/index.php?rest_route=\/wp\/v2\/pages\/609\/revisions"}],"predecessor-version":[{"id":612,"href":"https:\/\/campingpaineiras.com.br\/index.php?rest_route=\/wp\/v2\/pages\/609\/revisions\/612"}],"wp:attachment":[{"href":"https:\/\/campingpaineiras.com.br\/index.php?rest_route=%2Fwp%2Fv2%2Fmedia&parent=609"}],"curies":[{"name":"wp","href":"https:\/\/api.w.org\/{rel}","templated":true}]}}