{"id":558,"date":"2023-08-21T13:31:02","date_gmt":"2023-08-21T16:31:02","guid":{"rendered":"https:\/\/campingpaineiras.com.br\/?page_id=558"},"modified":"2023-08-21T16:08:40","modified_gmt":"2023-08-21T19:08:40","slug":"lei-do-silencio","status":"publish","type":"page","link":"https:\/\/campingpaineiras.com.br\/?page_id=558","title":{"rendered":"Lei do Sil\u00eancio"},"content":{"rendered":"\t\t<div data-elementor-type=\"wp-page\" data-elementor-id=\"558\" class=\"elementor elementor-558\">\n\t\t\t\t\t\t\t\t\t<section class=\"elementor-section elementor-top-section elementor-element elementor-element-2e6c21b9 elementor-section-boxed elementor-section-height-default elementor-section-height-default wpr-particle-no wpr-jarallax-no wpr-parallax-no wpr-sticky-section-no\" data-id=\"2e6c21b9\" data-element_type=\"section\">\n\t\t\t\t\t\t<div class=\"elementor-container elementor-column-gap-default\">\n\t\t\t\t\t<div class=\"elementor-column elementor-col-100 elementor-top-column elementor-element elementor-element-3ef355ec\" data-id=\"3ef355ec\" data-element_type=\"column\">\n\t\t\t<div class=\"elementor-widget-wrap elementor-element-populated\">\n\t\t\t\t\t\t\t\t<div class=\"elementor-element elementor-element-37fb30a elementor-widget elementor-widget-heading\" data-id=\"37fb30a\" data-element_type=\"widget\" data-widget_type=\"heading.default\">\n\t\t\t\t<div class=\"elementor-widget-container\">\n\t\t\t<style>\/*! elementor - v3.14.0 - 26-06-2023 *\/\n.elementor-heading-title{padding:0;margin:0;line-height:1}.elementor-widget-heading .elementor-heading-title[class*=elementor-size-]>a{color:inherit;font-size:inherit;line-height:inherit}.elementor-widget-heading .elementor-heading-title.elementor-size-small{font-size:15px}.elementor-widget-heading .elementor-heading-title.elementor-size-medium{font-size:19px}.elementor-widget-heading .elementor-heading-title.elementor-size-large{font-size:29px}.elementor-widget-heading .elementor-heading-title.elementor-size-xl{font-size:39px}.elementor-widget-heading .elementor-heading-title.elementor-size-xxl{font-size:59px}<\/style><h2 class=\"elementor-heading-title elementor-size-default\">Lei do Sil\u00eancio<\/h2>\t\t<\/div>\n\t\t\t\t<\/div>\n\t\t\t\t<div class=\"elementor-element elementor-element-36998cef elementor-widget elementor-widget-text-editor\" data-id=\"36998cef\" data-element_type=\"widget\" data-widget_type=\"text-editor.default\">\n\t\t\t\t<div class=\"elementor-widget-container\">\n\t\t\t<style>\/*! elementor - v3.14.0 - 26-06-2023 *\/\n.elementor-widget-text-editor.elementor-drop-cap-view-stacked .elementor-drop-cap{background-color:#69727d;color:#fff}.elementor-widget-text-editor.elementor-drop-cap-view-framed .elementor-drop-cap{color:#69727d;border:3px solid;background-color:transparent}.elementor-widget-text-editor:not(.elementor-drop-cap-view-default) .elementor-drop-cap{margin-top:8px}.elementor-widget-text-editor:not(.elementor-drop-cap-view-default) .elementor-drop-cap-letter{width:1em;height:1em}.elementor-widget-text-editor .elementor-drop-cap{float:left;text-align:center;line-height:1;font-size:50px}.elementor-widget-text-editor .elementor-drop-cap-letter{display:inline-block}<\/style>\t\t\t\t<!-- wp:paragraph -->\n<p>A lei do sil\u00eancio \u00e9 at\u00e9 \u00e0s 22h, mas mesmo antes desse hor\u00e1rio h\u00e1 de se respeitar o volume de decib\u00e9is (unidade de medida de ru\u00eddo).<\/p>\n<!-- \/wp:paragraph -->\n\n<!-- wp:paragraph -->\n<p>Temos utilizado a pol\u00edtica do bom senso que diz:<\/p>\n<!-- \/wp:paragraph -->\n\n<!-- wp:list -->\n<ul><!-- wp:list-item -->\n<li>At\u00e9 este hor\u00e1rio se permite, desde que n\u00e3o incomode seu vizinho;<\/li>\n<!-- \/wp:list-item -->\n\n<!-- wp:list-item -->\n<li>As reclama\u00e7\u00f5es ser\u00e3o recebidas em nossa recep\u00e7\u00e3o e os infratores advertidos em at\u00e9 3 vezes antes de serem convidados a se retirar;<\/li>\n<!-- \/wp:list-item -->\n\n<!-- wp:list-item -->\n<li>Colabore para que seu final de semana seja agrad\u00e1vel;<\/li>\n<!-- \/wp:list-item -->\n\n<!-- wp:list-item -->\n<li>Deixe seu estresse em casa e n\u00e3o o entregue a ningu\u00e9m!<\/li>\n<!-- \/wp:list-item --><\/ul>\n<!-- \/wp:list -->\n\n<!-- wp:paragraph -->\n<p>Esta medida se refere a qualquer tipo de ru\u00eddo, produzido por carros, aparelhos sonoros, conversas ou jogos perturbadores e etc.<\/p>\n<!-- \/wp:paragraph -->\t\t\t\t\t\t<\/div>\n\t\t\t\t<\/div>\n\t\t\t\t\t<\/div>\n\t\t<\/div>\n\t\t\t\t\t\t\t<\/div>\n\t\t<\/section>\n\t\t\t\t\t\t\t<\/div>\n\t\t","protected":false},"excerpt":{"rendered":"<p>Lei do Sil\u00eancio A lei do sil\u00eancio \u00e9 at\u00e9 \u00e0s 22h, mas mesmo antes desse hor\u00e1rio h\u00e1 de se respeitar o volume de decib\u00e9is (unidade de medida de ru\u00eddo). Temos utilizado a pol\u00edtica do bom senso que diz: Esta medida se refere a qualquer tipo de ru\u00eddo, produzido por carros, aparelhos sonoros, conversas ou jogos [&hellip;]<\/p>\n","protected":false},"author":1,"featured_media":0,"parent":0,"menu_order":0,"comment_status":"closed","ping_status":"closed","template":"elementor_header_footer","meta":{"footnotes":""},"_links":{"self":[{"href":"https:\/\/campingpaineiras.com.br\/index.php?rest_route=\/wp\/v2\/pages\/558"}],"collection":[{"href":"https:\/\/campingpaineiras.com.br\/index.php?rest_route=\/wp\/v2\/pages"}],"about":[{"href":"https:\/\/campingpaineiras.com.br\/index.php?rest_route=\/wp\/v2\/types\/page"}],"author":[{"embeddable":true,"href":"https:\/\/campingpaineiras.com.br\/index.php?rest_route=\/wp\/v2\/users\/1"}],"replies":[{"embeddable":true,"href":"https:\/\/campingpaineiras.com.br\/index.php?rest_route=%2Fwp%2Fv2%2Fcomments&post=558"}],"version-history":[{"count":4,"href":"https:\/\/campingpaineiras.com.br\/index.php?rest_route=\/wp\/v2\/pages\/558\/revisions"}],"predecessor-version":[{"id":593,"href":"https:\/\/campingpaineiras.com.br\/index.php?rest_route=\/wp\/v2\/pages\/558\/revisions\/593"}],"wp:attachment":[{"href":"https:\/\/campingpaineiras.com.br\/index.php?rest_route=%2Fwp%2Fv2%2Fmedia&parent=558"}],"curies":[{"name":"wp","href":"https:\/\/api.w.org\/{rel}","templated":true}]}}